{"id":273,"date":"2025-03-06T12:20:50","date_gmt":"2025-03-06T11:20:50","guid":{"rendered":"https:\/\/www.efi-avocats.fr\/?page_id=273"},"modified":"2025-12-04T15:56:27","modified_gmt":"2025-12-04T14:56:27","slug":"maitre-christine-villars-cance","status":"publish","type":"page","link":"https:\/\/www.efi-avocats.fr\/index.php\/maitre-christine-villars-cance\/","title":{"rendered":"Maitre Christine Villars-Canc\u00e9"},"content":{"rendered":"\t\t<div data-elementor-type=\"wp-page\" data-elementor-id=\"273\" class=\"elementor elementor-273\" data-elementor-post-type=\"page\">\n\t\t\t\t<div class=\"elementor-element elementor-element-13e0b39 e-flex e-con-boxed e-con e-parent\" data-id=\"13e0b39\" data-element_type=\"container\" data-settings=\"{&quot;background_background&quot;:&quot;classic&quot;}\">\n\t\t\t\t\t<div class=\"e-con-inner\">\n\t\t<div class=\"elementor-element elementor-element-db142f4 e-con-full e-flex e-con e-child\" data-id=\"db142f4\" data-element_type=\"container\" data-settings=\"{&quot;background_background&quot;:&quot;classic&quot;}\">\n\t\t\t\t<div class=\"elementor-element elementor-element-b515c4f elementor-widget elementor-widget-image\" data-id=\"b515c4f\" data-element_type=\"widget\" data-widget_type=\"image.default\">\n\t\t\t\t<div class=\"elementor-widget-container\">\n\t\t\t<style>\/*! elementor - v3.23.0 - 15-07-2024 *\/\n.elementor-widget-image{text-align:center}.elementor-widget-image a{display:inline-block}.elementor-widget-image a img[src$=\".svg\"]{width:48px}.elementor-widget-image img{vertical-align:middle;display:inline-block}<\/style>\t\t\t\t\t\t\t\t\t\t<img fetchpriority=\"high\" decoding=\"async\" width=\"683\" height=\"1024\" src=\"https:\/\/www.efi-avocats.fr\/wp-content\/uploads\/2025\/03\/Xxxx-683x1024.jpg\" class=\"attachment-large size-large wp-image-223\" alt=\"\" srcset=\"https:\/\/www.efi-avocats.fr\/wp-content\/uploads\/2025\/03\/Xxxx-683x1024.jpg 683w, https:\/\/www.efi-avocats.fr\/wp-content\/uploads\/2025\/03\/Xxxx-200x300.jpg 200w, https:\/\/www.efi-avocats.fr\/wp-content\/uploads\/2025\/03\/Xxxx-768x1152.jpg 768w, https:\/\/www.efi-avocats.fr\/wp-content\/uploads\/2025\/03\/Xxxx-1024x1536.jpg 1024w, https:\/\/www.efi-avocats.fr\/wp-content\/uploads\/2025\/03\/Xxxx-1365x2048.jpg 1365w, https:\/\/www.efi-avocats.fr\/wp-content\/uploads\/2025\/03\/Xxxx-scaled.jpg 1707w\" sizes=\"(max-width: 683px) 100vw, 683px\" \/>\t\t\t\t\t\t\t\t\t\t\t\t\t<\/div>\n\t\t\t\t<\/div>\n\t\t\t\t<\/div>\n\t\t<div class=\"elementor-element elementor-element-11af0af e-con-full e-flex e-con e-child\" data-id=\"11af0af\" data-element_type=\"container\" data-settings=\"{&quot;background_background&quot;:&quot;classic&quot;}\">\n\t\t\t\t<div class=\"elementor-element elementor-element-9123406 elementor-widget elementor-widget-heading\" data-id=\"9123406\" data-element_type=\"widget\" data-widget_type=\"heading.default\">\n\t\t\t\t<div class=\"elementor-widget-container\">\n\t\t\t<style>\/*! elementor - v3.23.0 - 15-07-2024 *\/\n.elementor-heading-title{padding:0;margin:0;line-height:1}.elementor-widget-heading .elementor-heading-title[class*=elementor-size-]>a{color:inherit;font-size:inherit;line-height:inherit}.elementor-widget-heading .elementor-heading-title.elementor-size-small{font-size:15px}.elementor-widget-heading .elementor-heading-title.elementor-size-medium{font-size:19px}.elementor-widget-heading .elementor-heading-title.elementor-size-large{font-size:29px}.elementor-widget-heading .elementor-heading-title.elementor-size-xl{font-size:39px}.elementor-widget-heading .elementor-heading-title.elementor-size-xxl{font-size:59px}<\/style><h2 class=\"elementor-heading-title elementor-size-default\">Maitre Christine Villars-Canc\u00e9<\/h2>\t\t<\/div>\n\t\t\t\t<\/div>\n\t\t\t\t<div class=\"elementor-element elementor-element-1506552 elementor-widget elementor-widget-text-editor\" data-id=\"1506552\" data-element_type=\"widget\" data-widget_type=\"text-editor.default\">\n\t\t\t\t<div class=\"elementor-widget-container\">\n\t\t\t<style>\/*! elementor - v3.23.0 - 15-07-2024 *\/\n.elementor-widget-text-editor.elementor-drop-cap-view-stacked .elementor-drop-cap{background-color:#69727d;color:#fff}.elementor-widget-text-editor.elementor-drop-cap-view-framed .elementor-drop-cap{color:#69727d;border:3px solid;background-color:transparent}.elementor-widget-text-editor:not(.elementor-drop-cap-view-default) .elementor-drop-cap{margin-top:8px}.elementor-widget-text-editor:not(.elementor-drop-cap-view-default) .elementor-drop-cap-letter{width:1em;height:1em}.elementor-widget-text-editor .elementor-drop-cap{float:left;text-align:center;line-height:1;font-size:50px}.elementor-widget-text-editor .elementor-drop-cap-letter{display:inline-block}<\/style>\t\t\t\t<p class=\"v1MsoNormal\">Christine Villars-Canc\u00e9 est inscrite au barreau de Toulouse depuis 2005<\/p><p class=\"v1MsoNormal\">Titulaire d\u2019un DEA Histoire du Droit et des institutions publiques<\/p><p class=\"v1MsoNormal\">Ancien membre du conseil de l\u2019Ordre de TOULOUSE<\/p><p class=\"v1MsoNormal\">Mandataire en transaction immobili\u00e8re<\/p>\t\t\t\t\t\t<\/div>\n\t\t\t\t<\/div>\n\t\t\t\t<div class=\"elementor-element elementor-element-710acbe elementor-widget elementor-widget-heading\" data-id=\"710acbe\" data-element_type=\"widget\" data-widget_type=\"heading.default\">\n\t\t\t\t<div class=\"elementor-widget-container\">\n\t\t\t<h2 class=\"elementor-heading-title elementor-size-default\">Domaines d\u2019intervention<\/h2>\t\t<\/div>\n\t\t\t\t<\/div>\n\t\t\t\t<div class=\"elementor-element elementor-element-6cbf401 elementor-widget elementor-widget-text-editor\" data-id=\"6cbf401\" data-element_type=\"widget\" data-widget_type=\"text-editor.default\">\n\t\t\t\t<div class=\"elementor-widget-container\">\n\t\t\t\t\t\t\t<ul type=\"disc\"><li class=\"v1MsoListParagraph\">Droit de la famille<\/li><li class=\"v1MsoListParagraph\">Droit des mineurs<\/li><li class=\"v1MsoListParagraph\">Droit civil g\u00e9n\u00e9ral<\/li><\/ul>\t\t\t\t\t\t<\/div>\n\t\t\t\t<\/div>\n\t\t<div class=\"elementor-element elementor-element-e0a9d3f e-con-full e-flex e-con e-child\" data-id=\"e0a9d3f\" data-element_type=\"container\" data-settings=\"{&quot;background_background&quot;:&quot;classic&quot;}\">\n\t\t\t\t<div class=\"elementor-element elementor-element-592de3a elementor-widget elementor-widget-heading\" data-id=\"592de3a\" data-element_type=\"widget\" data-widget_type=\"heading.default\">\n\t\t\t\t<div class=\"elementor-widget-container\">\n\t\t\t<h2 class=\"elementor-heading-title elementor-size-default\">Contactez Ma\u00eetre Villars-Canc\u00e9<\/h2>\t\t<\/div>\n\t\t\t\t<\/div>\n\t\t<div class=\"elementor-element elementor-element-1e07d14 e-con-full e-flex e-con e-child\" data-id=\"1e07d14\" data-element_type=\"container\">\n\t\t<div class=\"elementor-element elementor-element-cb83fd1 e-con-full e-flex e-con e-child\" data-id=\"cb83fd1\" data-element_type=\"container\">\n\t\t\t\t<div class=\"elementor-element elementor-element-5774810 elementor-tablet-align-center elementor-mobile-align-left elementor-icon-list--layout-traditional elementor-list-item-link-full_width elementor-widget elementor-widget-icon-list\" data-id=\"5774810\" data-element_type=\"widget\" data-widget_type=\"icon-list.default\">\n\t\t\t\t<div class=\"elementor-widget-container\">\n\t\t\t<link rel=\"stylesheet\" href=\"https:\/\/www.efi-avocats.fr\/wp-content\/plugins\/elementor\/assets\/css\/widget-icon-list.min.css\">\t\t<ul class=\"elementor-icon-list-items\">\n\t\t\t\t\t\t\t<li class=\"elementor-icon-list-item\">\n\t\t\t\t\t\t\t\t\t\t\t<a href=\"tel:0534429040\">\n\n\t\t\t\t\t\t\t\t\t\t\t\t<span class=\"elementor-icon-list-icon\">\n\t\t\t\t\t\t\t<svg aria-hidden=\"true\" class=\"e-font-icon-svg e-fas-phone-square-alt\" viewBox=\"0 0 448 512\" xmlns=\"http:\/\/www.w3.org\/2000\/svg\"><path d=\"M400 32H48A48 48 0 0 0 0 80v352a48 48 0 0 0 48 48h352a48 48 0 0 0 48-48V80a48 48 0 0 0-48-48zm-16.39 307.37l-15 65A15 15 0 0 1 354 416C194 416 64 286.29 64 126a15.7 15.7 0 0 1 11.63-14.61l65-15A18.23 18.23 0 0 1 144 96a16.27 16.27 0 0 1 13.79 9.09l30 70A17.9 17.9 0 0 1 189 181a17 17 0 0 1-5.5 11.61l-37.89 31a231.91 231.91 0 0 0 110.78 110.78l31-37.89A17 17 0 0 1 299 291a17.85 17.85 0 0 1 5.91 1.21l70 30A16.25 16.25 0 0 1 384 336a17.41 17.41 0 0 1-.39 3.37z\"><\/path><\/svg>\t\t\t\t\t\t<\/span>\n\t\t\t\t\t\t\t\t\t\t<span class=\"elementor-icon-list-text\">05 34 42 90 40 <\/span>\n\t\t\t\t\t\t\t\t\t\t\t<\/a>\n\t\t\t\t\t\t\t\t\t<\/li>\n\t\t\t\t\t\t\t\t<li class=\"elementor-icon-list-item\">\n\t\t\t\t\t\t\t\t\t\t\t<a href=\"tel:0562626565\">\n\n\t\t\t\t\t\t\t\t\t\t\t\t<span class=\"elementor-icon-list-icon\">\n\t\t\t\t\t\t\t<svg aria-hidden=\"true\" class=\"e-font-icon-svg e-fas-phone-square-alt\" viewBox=\"0 0 448 512\" xmlns=\"http:\/\/www.w3.org\/2000\/svg\"><path d=\"M400 32H48A48 48 0 0 0 0 80v352a48 48 0 0 0 48 48h352a48 48 0 0 0 48-48V80a48 48 0 0 0-48-48zm-16.39 307.37l-15 65A15 15 0 0 1 354 416C194 416 64 286.29 64 126a15.7 15.7 0 0 1 11.63-14.61l65-15A18.23 18.23 0 0 1 144 96a16.27 16.27 0 0 1 13.79 9.09l30 70A17.9 17.9 0 0 1 189 181a17 17 0 0 1-5.5 11.61l-37.89 31a231.91 231.91 0 0 0 110.78 110.78l31-37.89A17 17 0 0 1 299 291a17.85 17.85 0 0 1 5.91 1.21l70 30A16.25 16.25 0 0 1 384 336a17.41 17.41 0 0 1-.39 3.37z\"><\/path><\/svg>\t\t\t\t\t\t<\/span>\n\t\t\t\t\t\t\t\t\t\t<span class=\"elementor-icon-list-text\">05 62 62 65 65 <\/span>\n\t\t\t\t\t\t\t\t\t\t\t<\/a>\n\t\t\t\t\t\t\t\t\t<\/li>\n\t\t\t\t\t\t<\/ul>\n\t\t\t\t<\/div>\n\t\t\t\t<\/div>\n\t\t\t\t<\/div>\n\t\t\t\t<\/div>\n\t\t<div class=\"elementor-element elementor-element-17c4c80 e-con-full e-flex e-con e-child\" data-id=\"17c4c80\" data-element_type=\"container\">\n\t\t<div class=\"elementor-element elementor-element-995b333 e-con-full e-flex e-con e-child\" data-id=\"995b333\" data-element_type=\"container\">\n\t\t\t\t<div class=\"elementor-element elementor-element-735740c elementor-tablet-align-center elementor-icon-list--layout-traditional elementor-list-item-link-full_width elementor-widget elementor-widget-icon-list\" data-id=\"735740c\" data-element_type=\"widget\" data-widget_type=\"icon-list.default\">\n\t\t\t\t<div class=\"elementor-widget-container\">\n\t\t\t\t\t<ul class=\"elementor-icon-list-items\">\n\t\t\t\t\t\t\t<li class=\"elementor-icon-list-item\">\n\t\t\t\t\t\t\t\t\t\t<span class=\"elementor-icon-list-text\">villars.avocat@gmail.com<\/span>\n\t\t\t\t\t\t\t\t\t<\/li>\n\t\t\t\t\t\t<\/ul>\n\t\t\t\t<\/div>\n\t\t\t\t<\/div>\n\t\t\t\t<\/div>\n\t\t\t\t<\/div>\n\t\t\t\t<\/div>\n\t\t\t\t<\/div>\n\t\t\t\t\t<\/div>\n\t\t\t\t<\/div>\n\t\t\t\t<\/div>\n\t\t","protected":false},"excerpt":{"rendered":"<p>Maitre Christine Villars-Canc\u00e9 Christine Villars-Canc\u00e9 est inscrite au barreau de Toulouse depuis 2005 Titulaire d\u2019un DEA Histoire du Droit et [&hellip;]<\/p>\n","protected":false},"author":1,"featured_media":0,"parent":0,"menu_order":0,"comment_status":"closed","ping_status":"closed","template":"","meta":{"site-sidebar-layout":"no-sidebar","site-content-layout":"","ast-site-content-layout":"full-width-container","site-content-style":"default","site-sidebar-style":"default","ast-global-header-display":"","ast-banner-title-visibility":"","ast-main-header-display":"","ast-hfb-above-header-display":"","ast-hfb-below-header-display":"","ast-hfb-mobile-header-display":"","site-post-title":"disabled","ast-breadcrumbs-content":"","ast-featured-img":"disabled","footer-sml-layout":"","theme-transparent-header-meta":"","adv-header-id-meta":"","stick-header-meta":"","header-above-stick-meta":"","header-main-stick-meta":"","header-below-stick-meta":"","astra-migrate-meta-layouts":"default","ast-page-background-enabled":"default","ast-page-background-meta":{"desktop":{"background-color":"var(--ast-global-color-4)","background-image":"","background-repeat":"repeat","background-position":"center center","background-size":"auto","background-attachment":"scroll","background-type":"","background-media":"","overlay-type":"","overlay-color":"","overlay-opacity":"","overlay-gradient":""},"tablet":{"background-color":"","background-image":"","background-repeat":"repeat","background-position":"center center","background-size":"auto","background-attachment":"scroll","background-type":"","background-media":"","overlay-type":"","overlay-color":"","overlay-opacity":"","overlay-gradient":""},"mobile":{"background-color":"","background-image":"","background-repeat":"repeat","background-position":"center center","background-size":"auto","background-attachment":"scroll","background-type":"","background-media":"","overlay-type":"","overlay-color":"","overlay-opacity":"","overlay-gradient":""}},"ast-content-background-meta":{"desktop":{"background-color":"var(--ast-global-color-5)","background-image":"","background-repeat":"repeat","background-position":"center center","background-size":"auto","background-attachment":"scroll","background-type":"","background-media":"","overlay-type":"","overlay-color":"","overlay-opacity":"","overlay-gradient":""},"tablet":{"background-color":"var(--ast-global-color-5)","background-image":"","background-repeat":"repeat","background-position":"center center","background-size":"auto","background-attachment":"scroll","background-type":"","background-media":"","overlay-type":"","overlay-color":"","overlay-opacity":"","overlay-gradient":""},"mobile":{"background-color":"var(--ast-global-color-5)","background-image":"","background-repeat":"repeat","background-position":"center center","background-size":"auto","background-attachment":"scroll","background-type":"","background-media":"","overlay-type":"","overlay-color":"","overlay-opacity":"","overlay-gradient":""}},"footnotes":""},"class_list":["post-273","page","type-page","status-publish","hentry"],"yoast_head":"<!-- This site is optimized with the Yoast SEO plugin v26.5 - https:\/\/yoast.com\/wordpress\/plugins\/seo\/ -->\n<title>Maitre Christine Villars-Canc\u00e9 - EFI Avocats<\/title>\n<meta name=\"robots\" content=\"index, follow, max-snippet:-1, max-image-preview:large, max-video-preview:-1\" \/>\n<link rel=\"canonical\" href=\"https:\/\/www.efi-avocats.fr\/index.php\/maitre-christine-villars-cance\/\" \/>\n<meta property=\"og:locale\" content=\"fr_FR\" \/>\n<meta property=\"og:type\" content=\"article\" \/>\n<meta property=\"og:title\" content=\"Maitre Christine Villars-Canc\u00e9 - EFI Avocats\" \/>\n<meta property=\"og:description\" content=\"Maitre Christine Villars-Canc\u00e9 Christine Villars-Canc\u00e9 est inscrite au barreau de Toulouse depuis 2005 Titulaire d\u2019un DEA Histoire du Droit et [&hellip;]\" \/>\n<meta property=\"og:url\" content=\"https:\/\/www.efi-avocats.fr\/index.php\/maitre-christine-villars-cance\/\" \/>\n<meta property=\"og:site_name\" content=\"EFI Avocats\" \/>\n<meta property=\"article:modified_time\" content=\"2025-12-04T14:56:27+00:00\" \/>\n<meta property=\"og:image\" content=\"https:\/\/www.efi-avocats.fr\/wp-content\/uploads\/2025\/03\/Xxxx-scaled.jpg\" \/>\n\t<meta property=\"og:image:width\" content=\"1707\" \/>\n\t<meta property=\"og:image:height\" content=\"2560\" \/>\n\t<meta property=\"og:image:type\" content=\"image\/jpeg\" \/>\n<meta name=\"twitter:card\" content=\"summary_large_image\" \/>\n<meta name=\"twitter:label1\" content=\"Dur\u00e9e de lecture estim\u00e9e\" \/>\n\t<meta name=\"twitter:data1\" content=\"1 minute\" \/>\n<script type=\"application\/ld+json\" class=\"yoast-schema-graph\">{\"@context\":\"https:\/\/schema.org\",\"@graph\":[{\"@type\":\"WebPage\",\"@id\":\"https:\/\/www.efi-avocats.fr\/index.php\/maitre-christine-villars-cance\/\",\"url\":\"https:\/\/www.efi-avocats.fr\/index.php\/maitre-christine-villars-cance\/\",\"name\":\"Maitre Christine Villars-Canc\u00e9 - EFI Avocats\",\"isPartOf\":{\"@id\":\"https:\/\/www.efi-avocats.fr\/#website\"},\"primaryImageOfPage\":{\"@id\":\"https:\/\/www.efi-avocats.fr\/index.php\/maitre-christine-villars-cance\/#primaryimage\"},\"image\":{\"@id\":\"https:\/\/www.efi-avocats.fr\/index.php\/maitre-christine-villars-cance\/#primaryimage\"},\"thumbnailUrl\":\"https:\/\/www.efi-avocats.fr\/wp-content\/uploads\/2025\/03\/Xxxx-683x1024.jpg\",\"datePublished\":\"2025-03-06T11:20:50+00:00\",\"dateModified\":\"2025-12-04T14:56:27+00:00\",\"breadcrumb\":{\"@id\":\"https:\/\/www.efi-avocats.fr\/index.php\/maitre-christine-villars-cance\/#breadcrumb\"},\"inLanguage\":\"fr-FR\",\"potentialAction\":[{\"@type\":\"ReadAction\",\"target\":[\"https:\/\/www.efi-avocats.fr\/index.php\/maitre-christine-villars-cance\/\"]}]},{\"@type\":\"ImageObject\",\"inLanguage\":\"fr-FR\",\"@id\":\"https:\/\/www.efi-avocats.fr\/index.php\/maitre-christine-villars-cance\/#primaryimage\",\"url\":\"https:\/\/www.efi-avocats.fr\/wp-content\/uploads\/2025\/03\/Xxxx-scaled.jpg\",\"contentUrl\":\"https:\/\/www.efi-avocats.fr\/wp-content\/uploads\/2025\/03\/Xxxx-scaled.jpg\",\"width\":1707,\"height\":2560},{\"@type\":\"BreadcrumbList\",\"@id\":\"https:\/\/www.efi-avocats.fr\/index.php\/maitre-christine-villars-cance\/#breadcrumb\",\"itemListElement\":[{\"@type\":\"ListItem\",\"position\":1,\"name\":\"Accueil\",\"item\":\"https:\/\/www.efi-avocats.fr\/\"},{\"@type\":\"ListItem\",\"position\":2,\"name\":\"Maitre Christine Villars-Canc\u00e9\"}]},{\"@type\":\"WebSite\",\"@id\":\"https:\/\/www.efi-avocats.fr\/#website\",\"url\":\"https:\/\/www.efi-avocats.fr\/\",\"name\":\"EFI Avocats\",\"description\":\"Cabinet d&#039;avocats associ\u00e9s dans le Gers\",\"publisher\":{\"@id\":\"https:\/\/www.efi-avocats.fr\/#organization\"},\"potentialAction\":[{\"@type\":\"SearchAction\",\"target\":{\"@type\":\"EntryPoint\",\"urlTemplate\":\"https:\/\/www.efi-avocats.fr\/?s={search_term_string}\"},\"query-input\":{\"@type\":\"PropertyValueSpecification\",\"valueRequired\":true,\"valueName\":\"search_term_string\"}}],\"inLanguage\":\"fr-FR\"},{\"@type\":\"Organization\",\"@id\":\"https:\/\/www.efi-avocats.fr\/#organization\",\"name\":\"EFI Avocats\",\"url\":\"https:\/\/www.efi-avocats.fr\/\",\"logo\":{\"@type\":\"ImageObject\",\"inLanguage\":\"fr-FR\",\"@id\":\"https:\/\/www.efi-avocats.fr\/#\/schema\/logo\/image\/\",\"url\":\"https:\/\/www.efi-avocats.fr\/wp-content\/uploads\/2024\/07\/LOGO-DEF.png\",\"contentUrl\":\"https:\/\/www.efi-avocats.fr\/wp-content\/uploads\/2024\/07\/LOGO-DEF.png\",\"width\":2354,\"height\":816,\"caption\":\"EFI Avocats\"},\"image\":{\"@id\":\"https:\/\/www.efi-avocats.fr\/#\/schema\/logo\/image\/\"}}]}<\/script>\n<!-- \/ Yoast SEO plugin. -->","yoast_head_json":{"title":"Maitre Christine Villars-Canc\u00e9 - EFI Avocats","robots":{"index":"index","follow":"follow","max-snippet":"max-snippet:-1","max-image-preview":"max-image-preview:large","max-video-preview":"max-video-preview:-1"},"canonical":"https:\/\/www.efi-avocats.fr\/index.php\/maitre-christine-villars-cance\/","og_locale":"fr_FR","og_type":"article","og_title":"Maitre Christine Villars-Canc\u00e9 - EFI Avocats","og_description":"Maitre Christine Villars-Canc\u00e9 Christine Villars-Canc\u00e9 est inscrite au barreau de Toulouse depuis 2005 Titulaire d\u2019un DEA Histoire du Droit et [&hellip;]","og_url":"https:\/\/www.efi-avocats.fr\/index.php\/maitre-christine-villars-cance\/","og_site_name":"EFI Avocats","article_modified_time":"2025-12-04T14:56:27+00:00","og_image":[{"width":1707,"height":2560,"url":"https:\/\/www.efi-avocats.fr\/wp-content\/uploads\/2025\/03\/Xxxx-scaled.jpg","type":"image\/jpeg"}],"twitter_card":"summary_large_image","twitter_misc":{"Dur\u00e9e de lecture estim\u00e9e":"1 minute"},"schema":{"@context":"https:\/\/schema.org","@graph":[{"@type":"WebPage","@id":"https:\/\/www.efi-avocats.fr\/index.php\/maitre-christine-villars-cance\/","url":"https:\/\/www.efi-avocats.fr\/index.php\/maitre-christine-villars-cance\/","name":"Maitre Christine Villars-Canc\u00e9 - EFI Avocats","isPartOf":{"@id":"https:\/\/www.efi-avocats.fr\/#website"},"primaryImageOfPage":{"@id":"https:\/\/www.efi-avocats.fr\/index.php\/maitre-christine-villars-cance\/#primaryimage"},"image":{"@id":"https:\/\/www.efi-avocats.fr\/index.php\/maitre-christine-villars-cance\/#primaryimage"},"thumbnailUrl":"https:\/\/www.efi-avocats.fr\/wp-content\/uploads\/2025\/03\/Xxxx-683x1024.jpg","datePublished":"2025-03-06T11:20:50+00:00","dateModified":"2025-12-04T14:56:27+00:00","breadcrumb":{"@id":"https:\/\/www.efi-avocats.fr\/index.php\/maitre-christine-villars-cance\/#breadcrumb"},"inLanguage":"fr-FR","potentialAction":[{"@type":"ReadAction","target":["https:\/\/www.efi-avocats.fr\/index.php\/maitre-christine-villars-cance\/"]}]},{"@type":"ImageObject","inLanguage":"fr-FR","@id":"https:\/\/www.efi-avocats.fr\/index.php\/maitre-christine-villars-cance\/#primaryimage","url":"https:\/\/www.efi-avocats.fr\/wp-content\/uploads\/2025\/03\/Xxxx-scaled.jpg","contentUrl":"https:\/\/www.efi-avocats.fr\/wp-content\/uploads\/2025\/03\/Xxxx-scaled.jpg","width":1707,"height":2560},{"@type":"BreadcrumbList","@id":"https:\/\/www.efi-avocats.fr\/index.php\/maitre-christine-villars-cance\/#breadcrumb","itemListElement":[{"@type":"ListItem","position":1,"name":"Accueil","item":"https:\/\/www.efi-avocats.fr\/"},{"@type":"ListItem","position":2,"name":"Maitre Christine Villars-Canc\u00e9"}]},{"@type":"WebSite","@id":"https:\/\/www.efi-avocats.fr\/#website","url":"https:\/\/www.efi-avocats.fr\/","name":"EFI Avocats","description":"Cabinet d&#039;avocats associ\u00e9s dans le Gers","publisher":{"@id":"https:\/\/www.efi-avocats.fr\/#organization"},"potentialAction":[{"@type":"SearchAction","target":{"@type":"EntryPoint","urlTemplate":"https:\/\/www.efi-avocats.fr\/?s={search_term_string}"},"query-input":{"@type":"PropertyValueSpecification","valueRequired":true,"valueName":"search_term_string"}}],"inLanguage":"fr-FR"},{"@type":"Organization","@id":"https:\/\/www.efi-avocats.fr\/#organization","name":"EFI Avocats","url":"https:\/\/www.efi-avocats.fr\/","logo":{"@type":"ImageObject","inLanguage":"fr-FR","@id":"https:\/\/www.efi-avocats.fr\/#\/schema\/logo\/image\/","url":"https:\/\/www.efi-avocats.fr\/wp-content\/uploads\/2024\/07\/LOGO-DEF.png","contentUrl":"https:\/\/www.efi-avocats.fr\/wp-content\/uploads\/2024\/07\/LOGO-DEF.png","width":2354,"height":816,"caption":"EFI Avocats"},"image":{"@id":"https:\/\/www.efi-avocats.fr\/#\/schema\/logo\/image\/"}}]}},"_links":{"self":[{"href":"https:\/\/www.efi-avocats.fr\/index.php\/wp-json\/wp\/v2\/pages\/273","targetHints":{"allow":["GET"]}}],"collection":[{"href":"https:\/\/www.efi-avocats.fr\/index.php\/wp-json\/wp\/v2\/pages"}],"about":[{"href":"https:\/\/www.efi-avocats.fr\/index.php\/wp-json\/wp\/v2\/types\/page"}],"author":[{"embeddable":true,"href":"https:\/\/www.efi-avocats.fr\/index.php\/wp-json\/wp\/v2\/users\/1"}],"replies":[{"embeddable":true,"href":"https:\/\/www.efi-avocats.fr\/index.php\/wp-json\/wp\/v2\/comments?post=273"}],"version-history":[{"count":50,"href":"https:\/\/www.efi-avocats.fr\/index.php\/wp-json\/wp\/v2\/pages\/273\/revisions"}],"predecessor-version":[{"id":716,"href":"https:\/\/www.efi-avocats.fr\/index.php\/wp-json\/wp\/v2\/pages\/273\/revisions\/716"}],"wp:attachment":[{"href":"https:\/\/www.efi-avocats.fr\/index.php\/wp-json\/wp\/v2\/media?parent=273"}],"curies":[{"name":"wp","href":"https:\/\/api.w.org\/{rel}","templated":true}]}}